{"id":4590,"date":"2019-12-07T16:16:05","date_gmt":"2019-12-07T16:16:05","guid":{"rendered":"https:\/\/meble-koza.pl\/nowa\/?page_id=4590"},"modified":"2020-02-02T10:41:40","modified_gmt":"2020-02-02T10:41:40","slug":"szafy-i-zabudowy","status":"publish","type":"page","link":"https:\/\/meble-koza.pl\/nowa\/szafy-i-zabudowy\/","title":{"rendered":"Szafy i zabudowy"},"content":{"rendered":"<p>Galeria 'zabudowy wn\u0119k&#8217;. Przy zabudowie wn\u0119k, trudno jednoznacznie m\u00f3wi\u0107 o standardowych produktach, staramy si\u0119 optymalnie wykorzysta\u0107 przestrze\u0144. Poni\u017cej nasze realizacje.<\/p>\nngg_shortcode_0_placeholder\n","protected":false},"excerpt":{"rendered":"<p>Galeria 'zabudowy wn\u0119k&#8217;. Przy zabudowie wn\u0119k, trudno jednoznacznie m\u00f3wi\u0107 o standardowych produktach, staramy si\u0119 optymalnie wykorzysta\u0107 przestrze\u0144. Poni\u017cej nasze realizacje.<\/p>\n","protected":false},"author":1,"featured_media":4708,"parent":0,"menu_order":0,"comment_status":"closed","ping_status":"closed","template":"","meta":{"ngg_post_thumbnail":0,"_themeisle_gutenberg_block_has_review":false,"footnotes":""},"class_list":["post-4590","page","type-page","status-publish","has-post-thumbnail","hentry"],"_links":{"self":[{"href":"https:\/\/meble-koza.pl\/nowa\/wp-json\/wp\/v2\/pages\/4590","targetHints":{"allow":["GET"]}}],"collection":[{"href":"https:\/\/meble-koza.pl\/nowa\/wp-json\/wp\/v2\/pages"}],"about":[{"href":"https:\/\/meble-koza.pl\/nowa\/wp-json\/wp\/v2\/types\/page"}],"author":[{"embeddable":true,"href":"https:\/\/meble-koza.pl\/nowa\/wp-json\/wp\/v2\/users\/1"}],"replies":[{"embeddable":true,"href":"https:\/\/meble-koza.pl\/nowa\/wp-json\/wp\/v2\/comments?post=4590"}],"version-history":[{"count":14,"href":"https:\/\/meble-koza.pl\/nowa\/wp-json\/wp\/v2\/pages\/4590\/revisions"}],"predecessor-version":[{"id":5575,"href":"https:\/\/meble-koza.pl\/nowa\/wp-json\/wp\/v2\/pages\/4590\/revisions\/5575"}],"wp:featuredmedia":[{"embeddable":true,"href":"https:\/\/meble-koza.pl\/nowa\/wp-json\/wp\/v2\/media\/4708"}],"wp:attachment":[{"href":"https:\/\/meble-koza.pl\/nowa\/wp-json\/wp\/v2\/media?parent=4590"}],"curies":[{"name":"wp","href":"https:\/\/api.w.org\/{rel}","templated":true}]}}

<p>Galeria 'zabudowy wnęk&#8217;. Przy zabudowie wnęk, trudno jednoznacznie mówić o standardowych produktach, staramy się optymalnie wykorzystać przestrzeń. Poniżej nasze realizacje.</p>
ngg_shortcode_0_placeholder

<p>Galeria 'zabudowy wnęk&#8217;. Przy zabudowie wnęk, trudno jednoznacznie mówić o standardowych produktach, staramy się optymalnie wykorzystać przestrzeń. Poniżej nasze realizacje.</p>
