{"id":5280,"date":"2019-12-22T18:51:20","date_gmt":"2019-12-22T18:51:20","guid":{"rendered":"https:\/\/meble-koza.pl\/nowa\/?page_id=5280"},"modified":"2019-12-22T18:51:20","modified_gmt":"2019-12-22T18:51:20","slug":"polityka-prywatnosci","status":"publish","type":"page","link":"https:\/\/meble-koza.pl\/nowa\/polityka-prywatnosci\/","title":{"rendered":"Polityka prywatno\u015bci"},"content":{"rendered":"<div class=\"entry-content content-page \n\t\" itemprop=\"text\"><\/p>\n<div class=\"two-third\">\n<div class=\"one\"><b>I. Kim jeste\u015bmy<br \/>\n<\/b><br \/>\nStrony internetowa meble-koza.pl prowadzona jest na potrzeby Zak\u0142adu Stolarskiego Rafa\u0142 Koza. Adres oraz pozosta\u0142e dane kontaktowe dost\u0119pne s\u0105 w zak\u0142adce Kontakt. Niniejsza strona internetowa ma charakter informacyjny s\u0142u\u017c\u0105cy polepszeniu komunikacji. Dane osobowe nie s\u0105 publikowane na stronie, nie s\u0105 r\u00f3wnie\u017c przechowywane na serwerze, na kt\u00f3rym pracuje niniejsza strona.<b>Klauzula informacyjna o ochronie danych osobowych<\/b>Zgodnie z art. 13 ust. 1 i ust. 2 Rozporz\u0105dzenia Parlamentu Europejskiego i Rady (UE) 2016\/679 z dnia 27 kwietnia 2016 r. w sprawie ochrony os\u00f3b fizycznych w zwi\u0105zku z przetwarzaniem danych osobowych i w sprawie swobodnego przep\u0142ywu takich danych oraz uchylenia dyrektywy 95\/46\/WE (Og\u00f3lne rozporz\u0105dzenie o ochronie danych) informujemy, \u017ce:<br \/>\n1) Administratorem Pa\u0144stwa danych osobowych jest Zak\u0142ad Stolarski Rafa\u0142 Koza mieszcz\u0105ca si\u0119 przy ul. ul. Ko\u015bcielna 3 42-282 Widz\u00f3w.<br \/>\n2) Podstaw\u0105 prawn\u0105 przetwarzania Pa\u0144stwa danych osobowych, jest artyku\u0142 6 ust. 1 lit. a) lub b) lub f) Rozporz\u0105dzenia Parlamentu Europejskiego i Rady (UE) 2016\/679 z dnia 27 kwietnia 2016 r. w sprawie ochrony os\u00f3b fizycznych w zwi\u0105zku z przetwarzaniem danych osobowych i w sprawie swobodnego przep\u0142ywu takich danych.<br \/>\n3) Prawnie uzasadnionym interesem realizowanym przez administratora jest nawi\u0105zanie lub utrzymanie z Pa\u0144stwem relacji biznesowych oraz przekazywanie dozwolonych prawem informacji o ofercie.<br \/>\n4) Przetwarzane kategorie Pa\u0144stwa danych osobowych to dane osobowe, kt\u00f3re pochodz\u0105 bezpo\u015brednio od Pa\u0144stwa (lub zosta\u0142y przekazane w Pa\u0144stwa imieniu) lub dane osobowe, kt\u00f3re zosta\u0142y zebrane ze \u017ar\u00f3de\u0142 publicznie dost\u0119pnych, w szczeg\u00f3lno\u015bci: imi\u0119 i nazwisko, adres e-mail, telefon kontaktowy, adres korespondencyjny.<br \/>\n5) Odbiorc\u0105 Pa\u0144stwa danych osobowych jest Administrator oraz podmioty przetwarzaj\u0105ce dane osobowe na zlecenie administratora wy\u0142\u0105cznie na podstawie odpowiedniej umowy.<br \/>\n6) Administrator nie przetwarza szczeg\u00f3lnych kategorii danych. Administrator dok\u0142ada wszelkich stara\u0144, aby chroni\u0107 dane przed nieuprawnionym dost\u0119pem os\u00f3b trzecich i w tym zakresie stosuje organizacyjne i techniczne \u015brodki bezpiecze\u0144stwa na wysokim poziomie. Administrator nie udost\u0119pnia danych \u017cadnym nieuprawnionym odbiorcom zgodnie z bezwzgl\u0119dnie obowi\u0105zuj\u0105cymi w tym zakresie przepisami prawa.<br \/>\n7) Przys\u0142uguj\u0105 Pa\u0144stwu nast\u0119puj\u0105ce prawa w zwi\u0105zku z przetwarzaniem Pa\u0144stwa danych osobowych:<br \/>\n7.1 prawo dost\u0119pu do Pa\u0144stwa danych, w tym uzyskania kopii danych,<br \/>\n7.2 prawo \u017c\u0105dania sprostowania danych,<br \/>\n7.3 prawo do usuni\u0119cia danych (w okre\u015blonych sytuacjach),<br \/>\n7.4 prawo wniesienia skargi do organu nadzorczego zajmuj\u0105cego si\u0119 ochron\u0105 danych osobowych,<br \/>\n7.5 prawo do ograniczenia przetwarzania danych.<br \/>\n8) W zakresie w jakim Pa\u0144stwa dane s\u0105 przetwarzane na podstawie zgody mo\u017cecie Pa\u0144stwo dodatkowo skorzysta\u0107 z poni\u017cszych praw:<br \/>\n8.1 prawo do wycofania zgody w zakresie w jakim s\u0105 przetwarzane na tej podstawie. Wycofanie zgody nie ma wp\u0142ywu na zgodno\u015b\u0107 z prawem przetwarzania, kt\u00f3rego dokonano na podstawie zgody przed jej wycofaniem.<br \/>\n8.2 prawo do przenoszenia danych osobowych, tj. do otrzymania od administratora Pa\u0144stwa danych osobowych, w ustrukturyzowanym, powszechnie u\u017cywanym formacie nadaj\u0105cym si\u0119 do odczytu maszynowego.<br \/>\n9) Maj\u0105 Pa\u0144stwo prawo wniesienia skargi do Prezesa Urz\u0119du Ochrony Danych Osobowych (www.uodo.gov.pl).<\/p>\n<p>W przypadku zauwa\u017cenia niew\u0142a\u015bciwego dzia\u0142ania strony, podejrzenia wycieku danych, w tym danych osobowych prosimy o niezw\u0142oczny kontakt.<\/p>\n<p><b>Od jakich stron trzecich otrzymujemy dane<\/b><br \/>\nNie korzystamy z danych osobowych otrzymanych od stron trzecich. Nie przekazujemy danych stronom trzecim.<\/p>\n<p><b>II. Ciasteczka<\/b><\/p>\n<p>nasza strona wykorzystuje pliki cookies, czyli potocznie zwane ciasteczka. Nie przechowujemy i nie analizujemy Waszych danych, a ciasteczka pomagaj\u0105 nam min. korzysta\u0107 z serwisu mapy google, a tak\u017ce przy przekierowaniu strony do portali spo\u0142eczno\u015bciowych. Oczywi\u015bcie mo\u017cecie wy\u0142\u0105czy\u0107 obs\u0142ug\u0119 cookies. Poni\u017cej oficjalne informacje dotycz\u0105ce zarz\u0105dzania ciasteczkami (cookies) w najpopularniejszych przegl\u0105darkach:<\/p>\n<p><a href=\"http:\/\/support.mozilla.org\/pl\/kb\/W%C5%82%C4%85czanie%20i%20wy%C5%82%C4%85czanie%20obs%C5%82ugi%20ciasteczek\" target=\"_blank\" rel=\"noopener noreferrer\">wy\u0142\u0105czenie i w\u0142\u0105czenie obs\u0142ugi ciasteczek w przegl\u0105darce FireFox<\/a>,<br \/>\n<a href=\"http:\/\/windows.microsoft.com\/pl-pl\/windows-vista\/block-or-allow-cookies\" target=\"_blank\" rel=\"noopener noreferrer\">wy\u0142\u0105czenie i w\u0142\u0105czenie obs\u0142ugi ciasteczek w przegl\u0105darce Internet Explorer<\/a>,<br \/>\n<a href=\"http:\/\/support.google.com\/chrome\/bin\/answer.py?hl=pl&amp;answer=95647\" target=\"_blank\" rel=\"noopener noreferrer\">wy\u0142\u0105czenie i w\u0142\u0105czenie obs\u0142ugi ciasteczek w przegl\u0105darce Chrome<\/a>,<br \/>\n<a href=\"http:\/\/support.apple.com\/kb\/ph5042\" target=\"_blank\" rel=\"noopener noreferrer\">wy\u0142\u0105czenie i w\u0142\u0105czenie obs\u0142ugi ciasteczek w przegl\u0105darcee Safari<\/a>,<br \/>\n<a href=\"http:\/\/help.opera.com\/Linux\/12.10\/pl\/cookies.html\" target=\"_blank\" rel=\"noopener noreferrer\">wy\u0142\u0105czenie i w\u0142\u0105czenie obs\u0142ugi ciasteczek w przegl\u0105darce Opera<\/a>.<\/p>\n<\/div>\n<\/div>\n<\/div>\n","protected":false},"excerpt":{"rendered":"<p>I. Kim jeste\u015bmy Strony internetowa meble-koza.pl prowadzona jest na potrzeby Zak\u0142adu Stolarskiego Rafa\u0142 Koza. Adres oraz pozosta\u0142e dane kontaktowe dost\u0119pne s\u0105 w zak\u0142adce Kontakt. Niniejsza strona internetowa ma charakter informacyjny s\u0142u\u017c\u0105cy polepszeniu komunikacji. Dane osobowe nie s\u0105 publikowane na stronie, nie s\u0105 r\u00f3wnie\u017c przechowywane na serwerze, na kt\u00f3rym pracuje niniejsza [&hellip;]<\/p>\n","protected":false},"author":1,"featured_media":5281,"parent":0,"menu_order":0,"comment_status":"closed","ping_status":"closed","template":"","meta":{"ngg_post_thumbnail":0,"_themeisle_gutenberg_block_has_review":false,"footnotes":""},"class_list":["post-5280","page","type-page","status-publish","has-post-thumbnail","hentry"],"_links":{"self":[{"href":"https:\/\/meble-koza.pl\/nowa\/wp-json\/wp\/v2\/pages\/5280","targetHints":{"allow":["GET"]}}],"collection":[{"href":"https:\/\/meble-koza.pl\/nowa\/wp-json\/wp\/v2\/pages"}],"about":[{"href":"https:\/\/meble-koza.pl\/nowa\/wp-json\/wp\/v2\/types\/page"}],"author":[{"embeddable":true,"href":"https:\/\/meble-koza.pl\/nowa\/wp-json\/wp\/v2\/users\/1"}],"replies":[{"embeddable":true,"href":"https:\/\/meble-koza.pl\/nowa\/wp-json\/wp\/v2\/comments?post=5280"}],"version-history":[{"count":1,"href":"https:\/\/meble-koza.pl\/nowa\/wp-json\/wp\/v2\/pages\/5280\/revisions"}],"predecessor-version":[{"id":5284,"href":"https:\/\/meble-koza.pl\/nowa\/wp-json\/wp\/v2\/pages\/5280\/revisions\/5284"}],"wp:featuredmedia":[{"embeddable":true,"href":"https:\/\/meble-koza.pl\/nowa\/wp-json\/wp\/v2\/media\/5281"}],"wp:attachment":[{"href":"https:\/\/meble-koza.pl\/nowa\/wp-json\/wp\/v2\/media?parent=5280"}],"curies":[{"name":"wp","href":"https:\/\/api.w.org\/{rel}","templated":true}]}}

Polityka prywatności

<div class="entry-content content-page 
	" itemprop="text"></p>
<div class="two-third">
<div class="one"><b>I. Kim jesteśmy<br />
</b><br />
Strony internetowa meble-koza.pl prowadzona jest na potrzeby Zakładu Stolarskiego Rafał Koza. Adres oraz pozostałe dane kontaktowe dostępne są w zakładce Kontakt. Niniejsza strona internetowa ma charakter informacyjny służący polepszeniu komunikacji. Dane osobowe nie są publikowane na stronie, nie są również przechowywane na serwerze, na którym pracuje niniejsza strona.<b>Klauzula informacyjna o ochronie danych osobowych</b>Zgodnie z art. 13 ust. 1 i ust. 2 Rozporządzenia Parlamentu Europejskiego i Rady (UE) 2016/679 z dnia 27 kwietnia 2016 r. w sprawie ochrony osób fizycznych w związku z przetwarzaniem danych osobowych i w sprawie swobodnego przepływu takich danych oraz uchylenia dyrektywy 95/46/WE (Ogólne rozporządzenie o ochronie danych) informujemy, że:<br />
1) Administratorem Państwa danych osobowych jest Zakład Stolarski Rafał Koza mieszcząca się przy ul. ul. Kościelna 3 42-282 Widzów.<br />
2) Podstawą prawną przetwarzania Państwa danych osobowych, jest artykuł 6 ust. 1 lit. a) lub b) lub f) Rozporządzenia Parlamentu Europejskiego i Rady (UE) 2016/679 z dnia 27 kwietnia 2016 r. w sprawie ochrony osób fizycznych w związku z przetwarzaniem danych osobowych i w sprawie swobodnego przepływu takich danych.<br />
3) Prawnie uzasadnionym interesem realizowanym przez administratora jest nawiązanie lub utrzymanie z Państwem relacji biznesowych oraz przekazywanie dozwolonych prawem informacji o ofercie.<br />
4) Przetwarzane kategorie Państwa danych osobowych to dane osobowe, które pochodzą bezpośrednio od Państwa (lub zostały przekazane w Państwa imieniu) lub dane osobowe, które zostały zebrane ze źródeł publicznie dostępnych, w szczególności: imię i nazwisko, adres e-mail, telefon kontaktowy, adres korespondencyjny.<br />
5) Odbiorcą Państwa danych osobowych jest Administrator oraz podmioty przetwarzające dane osobowe na zlecenie administratora wyłącznie na podstawie odpowiedniej umowy.<br />
6) Administrator nie przetwarza szczególnych kategorii danych. Administrator dokłada wszelkich starań, aby chronić dane przed nieuprawnionym dostępem osób trzecich i w tym zakresie stosuje organizacyjne i techniczne środki bezpieczeństwa na wysokim poziomie. Administrator nie udostępnia danych żadnym nieuprawnionym odbiorcom zgodnie z bezwzględnie obowiązującymi w tym zakresie przepisami prawa.<br />
7) Przysługują Państwu następujące prawa w związku z przetwarzaniem Państwa danych osobowych:<br />
7.1 prawo dostępu do Państwa danych, w tym uzyskania kopii danych,<br />
7.2 prawo żądania sprostowania danych,<br />
7.3 prawo do usunięcia danych (w określonych sytuacjach),<br />
7.4 prawo wniesienia skargi do organu nadzorczego zajmującego się ochroną danych osobowych,<br />
7.5 prawo do ograniczenia przetwarzania danych.<br />
8) W zakresie w jakim Państwa dane są przetwarzane na podstawie zgody możecie Państwo dodatkowo skorzystać z poniższych praw:<br />
8.1 prawo do wycofania zgody w zakresie w jakim są przetwarzane na tej podstawie. Wycofanie zgody nie ma wpływu na zgodność z prawem przetwarzania, którego dokonano na podstawie zgody przed jej wycofaniem.<br />
8.2 prawo do przenoszenia danych osobowych, tj. do otrzymania od administratora Państwa danych osobowych, w ustrukturyzowanym, powszechnie używanym formacie nadającym się do odczytu maszynowego.<br />
9) Mają Państwo prawo wniesienia skargi do Prezesa Urzędu Ochrony Danych Osobowych (www.uodo.gov.pl).</p>
<p>W przypadku zauważenia niewłaściwego działania strony, podejrzenia wycieku danych, w tym danych osobowych prosimy o niezwłoczny kontakt.</p>
<p><b>Od jakich stron trzecich otrzymujemy dane</b><br />
Nie korzystamy z danych osobowych otrzymanych od stron trzecich. Nie przekazujemy danych stronom trzecim.</p>
<p><b>II. Ciasteczka</b></p>
<p>nasza strona wykorzystuje pliki cookies, czyli potocznie zwane ciasteczka. Nie przechowujemy i nie analizujemy Waszych danych, a ciasteczka pomagają nam min. korzystać z serwisu mapy google, a także przy przekierowaniu strony do portali społecznościowych. Oczywiście możecie wyłączyć obsługę cookies. Poniżej oficjalne informacje dotyczące zarządzania ciasteczkami (cookies) w najpopularniejszych przeglądarkach:</p>
<p><a href="http://support.mozilla.org/pl/kb/W%C5%82%C4%85czanie%20i%20wy%C5%82%C4%85czanie%20obs%C5%82ugi%20ciasteczek" target="_blank" rel="noopener noreferrer">wyłączenie i włączenie obsługi ciasteczek w przeglądarce FireFox</a>,<br />
<a href="http://windows.microsoft.com/pl-pl/windows-vista/block-or-allow-cookies" target="_blank" rel="noopener noreferrer">wyłączenie i włączenie obsługi ciasteczek w przeglądarce Internet Explorer</a>,<br />
<a href="http://support.google.com/chrome/bin/answer.py?hl=pl&amp;answer=95647" target="_blank" rel="noopener noreferrer">wyłączenie i włączenie obsługi ciasteczek w przeglądarce Chrome</a>,<br />
<a href="http://support.apple.com/kb/ph5042" target="_blank" rel="noopener noreferrer">wyłączenie i włączenie obsługi ciasteczek w przeglądarcee Safari</a>,<br />
<a href="http://help.opera.com/Linux/12.10/pl/cookies.html" target="_blank" rel="noopener noreferrer">wyłączenie i włączenie obsługi ciasteczek w przeglądarce Opera</a>.</p>
</div>
</div>
</div>

<p>I. Kim jesteśmy Strony internetowa meble-koza.pl prowadzona jest na potrzeby Zakładu Stolarskiego Rafał Koza. Adres oraz pozostałe dane kontaktowe dostępne są w zakładce Kontakt. Niniejsza strona internetowa ma charakter informacyjny służący polepszeniu komunikacji. Dane osobowe nie są publikowane na stronie, nie są również przechowywane na serwerze, na którym pracuje niniejsza [&hellip;]</p>
